Let b be (-14)/(-6) - (-2)/3. Calculate l(b).
-2
Let x(n) be the third derivative of 0*n + 0*n**3 + 1/24*n**4 + 0 + 3*n**2. What is x(-2)?
-2
Let q(g) = g**2 + 5*g + 3. Let p be q(-4). Let m be (0/2)/p + 1. Let h(a) = -1 + a + m. Give h(5).
5
Suppose 0*z - 1 = -4*z - 3*m, 0 = -z - 4*m - 3. Suppose -z = -4*v + 5*v. Let x(h) = 7*h**3 - 2*h - 1. Calculate x(v).
-6
Let o(c) = -5 - c**3 - 4*c**2 + 4*c**3 - 2*c**3 - 6*c. Let l = 4 - 1. Suppose 0 = -w + l*w - 10. What is o(w)?
-10
Let o(z) = 5*z**2 - 10*z + 3. Let n(x) = 6*x**2 - 11*x + 4. Let s(b) = 4*n(b) - 5*o(b). Let t(q) be the first derivative of s(q). What is t(5)?
-4
Let f(u) = -7*u + 6. Let k(c) = -4*c + 3. Let l(g) = -3*f(g) + 5*k(g). Determine l(-6).
-9
Let o(p) = 2*p - 2. Suppose 0 = -0*m + 3*m. Suppose 8 = -m*n + 2*n. Calculate o(n).
6
Let a(r) = -r**3 - 7*r**2 - 6*r + 7. Let j(n) = n**2 - n - 3. Let p be j(3). Suppose 0 = 2*x, p*x + 13 - 1 = -2*h. What is a(h)?
7
Let r(b) = -b + 2. Suppose 2*a - 12 = 5*a. Let p be r(a). Let g(q) = -13 + 12 - 3*q + 8 + 2*q. Determine g(p).
1
Let q(y) = -y**2 - 5. Let w be 1/((-3)/(-7))*-3. Let b = -13 - -20. Let x = b + w. Calculate q(x).
-5
Let h(z) = z**3 - 5*z**2 + z - 4. Suppose 2*a = -g - 3*g + 14, a = -3*g + 10. Let s be 2 + 0 - (a + 1). Let m = 5 + s. What is h(m)?
1
Let p(u) = u - 1. Let q be p(5). Let i(m) be the second derivative of m**5/20 - m**4/3 - m**3/6 + m**2/2 - 6*m. Give i(q).
-3
Let h be 1 + -4 - -3 - 7. Let g = 9 + h. Let c(p) = 0*p**2 + p**g - 2 - 4*p + 0*p + 5*p. What is c(-3)?
4
Let z(h) be the second derivative of h**4/12 - 3*h**3/2 - 7*h**2/2 + 42*h. Give z(7).
-21
Let i(p) = -p**2 + 6*p - 6. Let r be 1/2*4*2. Calculate i(r).
2
Let v(z) be the third derivative of z**4/12 - 2*z**3/3 - 5*z**2. What is v(7)?
10
Let w(c) = c**3 + 4*c**2 + 2. Let q be (28/21)/(((-4)/(-3))/(-4)). Give w(q).
2
Let q(r) = -r - 4. Let a be q(-8). Suppose 5*z - 11 = a. Let d(t) = 4*t + t**2 - z*t - 2*t + 3. Calculate d(0).
3
Suppose 4*j + 5 + 19 = 0. Let h(s) be the third derivative of -s**5/60 - 5*s**4/24 + 5*s**3/6 - 65*s**2. What is h(j)?
-1
Let s(z) be the first derivative of -z**3/3 - 7*z**2/2 - 6*z - 5. What is s(-7)?
-6
Let x(p) = 45*p**3 - 5*p**2 - 8*p - 11. Let n(y) = -15*y**3 + 2*y**2 + 3*y + 4. Let j(f) = -11*n(f) - 4*x(f). Calculate j(-1).
14
Let o(l) = -l**2 + 3*l - 3. Let a be 40/18 - (56/9 - 6). What is o(a)?
-1
Let d(m) = -1 + 1 - 1 - 3*m + 0*m. Let g be ((-3)/(-1))/(7 - 8). Let j be (-3)/9 + 2/g. Calculate d(j).
2
Let d(t) = t**2 - 5*t - 4. Suppose 5*j - 5 = 15. Suppose 0 = -j*k + 3*k + 7. What is d(k)?
10
Let h(a) = a**3 - 3*a**2 + a. Let n be 2 + 5/(20/12). Suppose -n*r + 18 = 3. Give h(r).
3
Let v(a) be the first derivative of -a**4/4 + 7*a**3/3 - 7*a**2/2 + 3*a + 1. Let k = 19 - 13. Let c be v(k). Let o(l) = l**3 + 5*l**2 + 4*l. Give o(c).
6
Let z(a) be the third derivative of a**4/24 - a**3/6 - 12*a**2. Give z(-1).
-2
Let f(l) = -3 + 2 + 0 + 6 - l. What is f(4)?
1
Let h(q) be the first derivative of -q**3 + q**2 + q - 9. Determine h(-1).
-4
Let l(u) be the first derivative of -u**5/60 - u**4/6 - u**3/2 - u**2/2 + 2. Let f(c) be the second derivative of l(c). Calculate f(-5).
-8
Let k(i) = 2*i - 1. Let z(h) = 2*h - 1. Let u be (6*1)/((-30)/20). Let s(f) = u*z(f) + 3*k(f). Let v be 2*(0 - 1/(-2)). Calculate s(v).
-1
Suppose 6 = -2*j - 0*j. Let p(i) = 2*i**2 + 4*i + 2. Calculate p(j).
8
Let q(x) = -x - 8. Suppose i - 12 = -h, -4*i + 0*h = -4*h - 24. Let r = i - 15. What is q(r)?
-2
Let x(b) = -4*b**3 - 2*b**2 + 1. Let o be x(-1). Let z(w) = -2*w + w - 6*w**2 + 6 - 3*w - w**o. Let f be 3/(-2)*50/15. Give z(f).
1
Suppose k + 5*l = 20, -4*k - 20 = -3*k - 5*l. Let i(y) = -y + 3. What is i(k)?
3
Let w(c) be the third derivative of c**6/120 + c**5/15 - c**4/24 - 2*c**3/3 + 9*c**2. Calculate w(-4).
0
Let o = -2 + 7. Let g(d) = -5*d - o*d + 5*d + 0*d. Calculate g(-2).
10
Let q(m) = -m**2 - 4*m + 5. Let j be (0 - 2)/(6/12). Give q(j).
5
Let v(g) = -5*g**2 - 4*g + 6. Let s(r) = 4*r**2 + 4*r - 6. Let p(z) = -6*s(z) - 5*v(z). Give p(5).
11
Suppose 3*h = 3*q + 15, 0 = h + 3*q - 2 + 13. Suppose -10 = -5*y - 5*j, 4*y - 4*j - h = -y. Let b(t) = 7*t**3 - t. Give b(y).
6
Let r(k) be the third derivative of -k**7/630 + k**6/720 + k**5/120 + 7*k**4/24 + 7*k**2. Let d(n) be the second derivative of r(n). What is d(-1)?
-4
Let n = -5 + 3. Suppose 4*y = 17 - 5. Let p(o) = -4*o**3 + o**2 + 2*o. Let w(c) = -c**3 + c**2 + c. Let z(t) = y*w(t) - p(t). Give z(n).
-2
Suppose 7*r = -2*r + 5*r. Let o(p) = p - 4. Give o(r).
-4
Let h(p) = -p**2 - 9*p - 4. Let m be h(-9). Let x(c) = c + 5. Calculate x(m).
1
Suppose l - 5 = 0, 5 = -4*r - l - 10. Let p(f) = 2*f**3 + 3*f**2 - 7*f. Let g(q) = -3*q**3 - 4*q**2 + 10*q. Let h(x) = -5*g(x) - 8*p(x). Determine h(r).
-5
Let y(t) be the first derivative of -t**4/4 - t**3/3 + 3*t**2/2 + 1. Let r = 178 - 181. Give y(r).
9
Let z(k) = k**2 - 3. Suppose 2*h = -4*f + 22, 2 - 1 = -h + 2*f. Let n be (-1)/3 + 75/9. Suppose -3*x + n*x + 2*d = 0, x + h*d = 0. What is z(x)?
-3
Let j(n) be the first derivative of n**5/20 - 7*n**2/2 + 5*n - 1. Let c(i) be the first derivative of j(i). Give c(0).
-7
Let w = 0 + -5. Let n(p) = p**3 + 4*p**2 - 4*p - 6. What is n(w)?
-11
Let i(f) be the first derivative of -f**2/2 - 6*f - 4. Calculate i(-5).
-1
Let w(b) = 5*b**2 + 2*b + 6. Let o(r) = -2*r**2 - r - 3. Let z(v) = -7*o(v) - 3*w(v). Let q be (-4)/(-6)*-3 - 10/(-2). Give z(q).
-3
Let n(a) = 6*a**2 + 11*a + 4. Let g(u) = 3*u**2 + u - 3 - 11*u - 2*u**2 - 6*u**2. Let s(t) = -7*g(t) - 6*n(t). Give s(2).
1
Let q(y) = y**2 - 3. Let b = 7 - 10. Let a be q(b). Let c(z) = 0*z - 5*z + a*z. Calculate c(0).
0
Let c(r) = r**2 + 4 - 3 + 2*r + 4*r. Let m = 8 - 12. Let a be 10/(-2)*m/(-5). Calculate c(a).
-7
Suppose s - 4*s = -6. Suppose 3*b - 9 = 3*x, -5*x + 3*b = s + 5. Let d be 0/(4 - (x - -1)). Let q(a) = a + 2. Calculate q(d).
2
Let u(i) = -i**2 - 3*i + 3. Let x = 29 + -43. Let l be x/4 + (-4)/8. Determine u(l).
-1
Let u(d) = -6*d**2 + 1. Let v be u(1). Let h(r) be the second derivative of -r**4/12 - r**3/2 + 3*r**2 - 15*r. Give h(v).
-4
Let k(j) = -2*j**3 - j**2 - 2*j - 1. Let g = 33 - 11. Let n = g + -13. Suppose 5*w + x = -n, 0 = -2*w + x - 1 + 3. Determine k(w).
2
Suppose 17 = p + 4*x, p - 26 = -3*p + 5*x. Let f(l) = l - 4. Let y be f(p). Suppose -5*r = y*u, -3*r - r = u + 15. Let q(a) = a**2 + 3*a - 7. Determine q(r).
3
Let o(f) = -f**2 + 4*f - 4. Suppose -4*s = -2*l - 12, 0 = -2*l + 5*s - 17 + 5. Let q be (-3 - 0)/(l/4). Suppose 4 = q*a - 2. Give o(a).
-1
Let d(v) be the first derivative of 2*v**3/3 + v**2 - 3*v + 46. What is d(-3)?
9
Suppose 14*p - 7*p = -7. Let t(j) = -7*j**2 - 2*j - 1. Give t(p).
-6
Suppose -5*h = -8*h. Let o = -1 + 3. Let u(x) = -x**3 + o*x**3 + x**2 - x + 0*x**2. Give u(h).
0
Let y(d) be the first derivative of -d**6/360 - d**5/40 + d**4/12 - 7*d**3/3 - 6. Let s(g) be the third derivative of y(g). Give s(2).
-8
Let o be 2/(-6) - 13/(-3). Suppose 3*m - o*d = -d, -4*d + 15 = -m. Let f(i) be the second derivative of i**5/20 - 5*i**4/12 + i**3/6 - i. What is f(m)?
5
Let d(a) = a - 1. Let l(h) = -h**3 - 6*h**2 + 7*h - 6. Suppose -u = j - 0*u + 6, -3*u + 31 = -4*j. Let p be l(j). Give d(p).
-7
Let v be (1 - 0) + 3 + -2. Suppose k = 7*k. Let n(h) = -1 + k - h + v. Calculate n(4).
-3
Let q = -4 + 5. Let f(h) = -5*h**2 - 2*h**2 + 6*h**2 + q. Determine f(-1).
0
Let z(y) = 2*y - 2. Let g be z(1). Let b(i) be the second derivative of -1/6*i**4 + g + 0*i**3 + 3/20*i**5 + 1/2*i**2 - 2*i. Calculate b(1).
2
Let f(p) be the third derivative of -p**4/24 - 2*p**3/3 + 4*p**2. Let o be (-3 - -1)*10/4. What is f(o)?
1
Let h(v) = -3*v + 0 + 4*v + 0. Give h(5).
5
Suppose -5*m = -m - 20. Let x(r) = -1 + 2*r - m*r + r**2 + 4 - 2. Calculate x(4).
5
Let n(p) = -13 - 7*p - 32 + p + 5. Let k(w) = -w - 8. Let d(x) = -11*k(x) + 2*n(x). Give d(6).
2
Let n(x) be the first derivative of -x + 1/2*x**2 - 1/3*x**3 - 2. Give n(3).
-7
Let j(r) be the second derivative of -r**3/3 - 2*r. Give j(1).
-2
Suppose -2*c = -4*g, -5*g + 13 = 3*c + c. Let l(d) = -5*d + 1. Calculate l(c).
-9
Let k be (-2)/(1/((-1)/1)). Let w(z) = -5*z**2 + 2*z**k - z**3 + 4 + 0*z + 0*z**2 + 4*z. Calculate w(-4).
4
Let n(u) = u**2 - 2*u + 1. Let q be 0 + 4 + 2 + -5. Let a be (2/4)/(q/6). Determine n(a